e?
True
Is 233009 a prime number?
False
Is 108635 a prime number?
False
Is 17519 prime?
True
Is 3377 prime?
False
Is 322597 prime?
False
Is 116819 a composite number?
False
Is 1901 prime?
True
Is 132505 a composite number?
True
Is 33767 prime?
True
Is 33257 a prime number?
False
Is 20477 prime?
True
Is 28349 composite?
False
Is 24799 a composite number?
False
Is 264071 a prime number?
True
Is 11242567 a prime number?
False
Is 6243 a composite number?
True
Is 7771 composite?
True
Is 51158 composite?
True
Is 20191 a prime number?
False
Is 3761 a composite number?
False
Is 260769 prime?
False
Is 1050713 composite?
False
Is 10749 a composite number?
True
Is 66151 prime?
False
Is 16519 composite?
False
Is 12151 composite?
True
Is 318011 composite?
True
Is 644749 composite?
True
Is 2971 a composite number?
False
Is 30631 a prime number?
True
Is 106789 a composite number?
True
Is 374171 composite?
True
Is 5353 composite?
True
Is 127 prime?
True
Is 87613 prime?
True
Is 535343 a composite number?
True
Is 45361 prime?
True
Is 517 a prime number?
False
Is 1214333 composite?
False
Is 252139 composite?
False
Is 32687 prime?
True
Is 49097 composite?
True
Is 264211 composite?
False
Is 1591313 prime?
True
Is 43889 prime?
True
Is 10837 a composite number?
False
Is 560561 a composite number?
False
Is 1012451 composite?
True
Is 6839 prime?
False
Is 898607 composite?
False
Is 255363 a prime number?
False
Is 104207 prime?
True
Is 28267 prime?
False
Is 80423 prime?
False
Is 4009 a composite number?
True
Is 39635 a prime number?
False
Is 204973 composite?
False
Is 574261 a prime number?
True
Is 5808899 a prime number?
True
Is 112163 prime?
True
Is 22109 prime?
True
Is 710854 a composite number?
True
Is 643889 a prime number?
True
Is 179 a prime number?
True
Is 13191 prime?
False
Is 1304581 a composite number?
False
Is 948994 a prime number?
False
Is 851 composite?
True
Is 78877 a composite number?
False
Is 3362365 a composite number?
True
Is 22433 a composite number?
False
Is 68345 a prime number?
False
Is 8503 prime?
False
Is 74747 prime?
True
Is 111217 composite?
False
Is 706829 composite?
False
Is 24607 a prime number?
False
Is 120499 a prime number?
False
Is 33209 a prime number?
False
Is 5519 a prime number?
True
Is 3147 a composite number?
True
Is 133691 a prime number?
True
Is 2879 composite?
False
Is 74699 a prime number?
True
Is 6779 a prime number?
True
Is 53399 prime?
False
Is 2521 a composite number?
False
Is 4375799 a composite number?
False
Is 668153 composite?
False
Is 29527 composite?
False
Is 3431 composite?
True
Is 25841 prime?
True
Is 22369 composite?
False
Is 213505 composite?
True
Is 227831 a prime number?
False
Is 43805 composite?
True
Is 578557 composite?
True
Is 10117 a composite number?
True
Is 173773 prime?
True
Is 111713 a composite number?
True
Is 46219 a prime number?
True
Is 29527 a composite number?
False
Is 52714 a composite number?
True
Is 181273 composite?
False
Is 677401 composite?
True
Is 102359 a composite number?
False
Is 41443 prime?
True
Is 494881 composite?
True
Is 6449 a composite number?
False
Is 36503 composite?
True
Is 3747 a composite number?
True
Is 34211 composite?
False
Is 314399 composite?
False
Is 6673 composite?
False
Is 386963 prime?
True
Is 6580715 composite?
True
Is 49253 prime?
True
Is 31927 composite?
True
Is 24571 composite?
False
Is 35797 prime?
True
Is 5147 composite?
False
Is 145799 a composite number?
False
Is 127027 prime?
False
Is 35419 a prime number?
True
Is 100819 a prime number?
False
Is 70877 a composite number?
False
Is 4547 composite?
False
Is 3293 composite?
True
Is 8131 composite?
True
Is 15863 a composite number?
True
Is 904093 prime?
True
Is 63907 prime?
True
Is 467293 a composite number?
False
Is 2623798 composite?
True
Is 30631 a prime number?
True
Is 8353 prime?
True
Is 1213 a composite number?
False
Is 6899 composite?
False
Is 4909 a prime number?
True
Is 10831 a composite number?
False
Is 150287 a composite number?
False
Is 8485 composite?
True
Is 871 composite?
True
Is 8137 a composite number?
True
Is 2785 a composite number?
True
Is 275266 prime?
False
Is 320219 a composite number?
False
Is 303 composite?
True
Is 24191 prime?
False
Is 16411 a prime number?
True
Is 103847 composite?
True
Is 3067 prime?
True
Is 1786079 composite?
False
Is 25793 a composite number?
False
Is 551 prime?
False
Is 3697 a composite number?
False
Is 139 prime?
True
Is 130079 a composite number?
False
Is 466282 a composite number?
True
Is 38011 a prime number?
True
Is 32687 composite?
False
Is 91243 a composite number?
False
Is 5351 prime?
True
Is 226603 a composite number?
True
Is 25261 a prime number?
True
Is 36371 composite?
True
Is 24802 composite?
True
Is 245209 a prime number?
True
Is 11279 a composite number?
False
Is 59207 a prime number?
True
Is 13141 a prime number?
False
Is 4609 prime?
False
Is 2183 prime?
False
Is 14699 composite?
False
Is 14206 composite?
True
Is 13567 a composite number?
False
Is 493607 a prime number?
True
Is 371 a composite number?
True
Is 7354 a prime number?
False
Is 2931793 composite?
False
Is 4751 a composite number?
False
Is 72263 a composite number?
True
Is 679 a prime number?
False
Is 14617 composite?
True
Is 1361 composite?
False
Is 139007 composite?
True
Is 482227 a prime number?
True
Is 45143 prime?
False
Is 32749 a composite number?
False
Is 1576483 a prime number?
True
Is 45007 composite?
False
Is 1537 composite?
True
Is 16177 composite?
True
Is 979 composite?
True
Is 299339 a composite number?
True
Is 2003 composite?
False
Is 25909 a composite number?
True
Is 27043 composite?
False
Is 462947 prime?
True
Is 54841 composite?
True
Is 147417 composite?
True
Is 82465 a composite number?
True
Is 29443 a prime number?
True
Is 614 composite?
True
Is 102491 a prime number?
False
Is 123665 prime?
False
Is 179071 a composite number?
True
Is 79 composite?
False
Is 174949 a prime number?
False
Is 231643 prime?
True
Is 2594581 a prime number?
False
Is 48173 a composite number?
True
Is 6941 a prime number?
False
Is 5048221 a composite number?
False
Is 23977 a prime number?
True
Is 4049 prime?
True
Is 36151 prime?
True
Is 18398 prime?
False
Is 104639 a prime number?
True
Is 88411 prime?
True
Is 108457 prime?
True
Is 437071 a composite number?
False
Is 293543 a composite number?
False
Is 2671 prime?
True
Is 168391 composite?
False
Is 13963 composite?
False
Is 217801 prime?
False
Is 1315 a prime number?
False
Is 13555 prime?
False
Is 39523 composite?
True
Is 4031 prime?
False
Is 2797 composite?
False
Is 781951 a composite number?
False
Is 50741 composite?
False
Is 43009 composite?
True
Is 191173 a composite number?
False
Is 478277 a prime number?
False
Is 7283 prime?
True
Is 90971 a composite number?
False
Is 3554 a prime number?
False
Is 1291523 a composite number?
False
Is 109997 composite?
True
Is 2150587 prime?
False
Is 2797 composite?
False
Is 9199 a composite number?
False
Is 8161 prime?
True
Is 525781 prime?
True
Is 40277 a composite number?
False
Is 278261 a composite number?
False
Is 35633 a composite number?
True
Is 128407 a prime number?
False
Is 96527 composite?
False
Is 2478383 a prime number?
False
Is 11901 composite?
True
Is 186001 a prime number?
False
Is 3791 a prime number?
False
Is 26807 composite?
True
Is 1979 a composite number?
False
Is 15253 prime?
False
Is 126911 a composite number?
True
Is 150113 a prime number?
False
Is 226235 composite?
True
Is 684157 a prime number?
True
Is 307 prime?
True
Is 21797 composite?
True
Is 1931 prime?
True
Is 62747 composite?
True
Is 10037 a prime number?
True
Is 571 a prime number?
True
Is 88271 a prime number?
False
Is 1077047 a prime number?
True
Is 33827 composite?
False
Is 48017 prime?
True
Is 57131 prime?
True
Is 420029 a prime number?
True
Is 27035 composite?
True
Is 36602 prime?
False
Is 501335 composite?
True
Is 4721 a prime number?
True
Is 493541 prime?
True
Is 325063 composite?
False
Is 12209 a prime number?
False
Is 60317 composite?
False
Is 3143 a prime number?
False
Is 27361 prime?
True
Is 24329 a composite number?
False
Is 404933 composite?
True
Is 7979 prime?
False
Is 26902 composite?
True
Is 342429 composite?
True
Is 157721 a prime number?
True
Is 24737 a prime number?
False
Is 3749 a prime number?
False
Is 